. Let f be d(2). Suppose 15*h - 2 = 13*h. Let o be h + (0 - (-1 + -4)). Calculate the highest common divisor of f and o.
6
Let m(a) = a**2 - 13*a + 6. Let c be m(15). Suppose 0 = 3*t, -4*u + t = -c - 0. What is the greatest common factor of 9 and u?
9
Let c = -100 + -147. Let v = c + 423. Calculate the highest common factor of 16 and v.
16
Suppose 67 = j - 3*b - 25, 2*b = 3*j - 276. Calculate the greatest common divisor of j and 1.
1
Let o(w) = w**2 + 2*w - 4. Let l = -2 + 6. Let d be o(l). Suppose -3*j = -m - 16, -m - d = -3*j + m. What is the greatest common divisor of 6 and j?
2
Let j = 1 - -49. Let t = -25 + j. Let g(w) = -22*w + 24. Let x be g(-8). Calculate the greatest common divisor of t and x.
25
Suppose 11*s - 26 = -t + 15*s, 0 = s - 4. Calculate the greatest common divisor of 84 and t.
42
Suppose -3*t - 9 = 3*p, -p - 3*t - 9 = 2. Suppose 0 = -u + 9 - p. Suppose -35 = -u*b + b. What is the greatest common divisor of 40 and b?
5
Let u = 155 + -142. What is the greatest common divisor of u and 13?
13
Let k = -116 - -91. Let d = k + 50. What is the greatest common divisor of d and 10?
5
Let w = 5 - 3. Let u be (170/5)/(w/2). What is the greatest common divisor of u and 17?
17
Let g = 2 + 2. Suppose w - 5*o = -4 + 12, 4*o = 4*w - 32. Let f be w*(15/6)/5. What is the greatest common factor of g and f?
4
Suppose -22*q + 91 = -15*q. What is the highest common factor of 195 and q?
13
Suppose 0 = -4*d + 7*d - 9. Let b be (-1)/(2/(-12)*d). Calculate the highest common divisor of 4 and b.
2
Let r be 13/(-104) + (-7)/8 - -40. Let p be 2 + 0/(3 - 2). Suppose -p*x - 5 = -57. What is the highest common factor of x and r?
13
Suppose 4*k + 2*w - 310 = 0, -8*k + 5*k + 239 = -5*w. Let d(u) = -u**3 - 8*u**2 + 22*u - 4. Let a be d(-11). What is the greatest common divisor of k and a?
39
Let p be ((-27130)/(-4))/5 + (-25)/50. What is the greatest common factor of 12 and p?
12
Let y(o) = o**3 - 6*o**2 - 8*o + 7. Let v be y(7). Suppose v*t - 7*t + 196 = 0. Calculate the highest common divisor of t and 4.
4
Suppose 31*f + 1923 - 13703 = 0. What is the greatest common factor of 30 and f?
10
Let d(z) be the third derivative of -z**6/120 - z**5/20 + z**4/24 + 4*z**3/3 + 35*z**2. Let b be d(-3). What is the highest common factor of 1 and b?
1
Let u(b) = 28*b**2 - b + 2. Let p be u(-3). Suppose 0 = -5*i + 208 + p. Let k = 15 + i. What is the highest common divisor of k and 12?
12
Let y be 24/(-16) - (-3)/2. Suppose 5*p - 6*p + 36 = y. Let f(z) = z**3 - 11*z**2 + 6*z - 12. Let s be f(11). What is the greatest common divisor of s and p?
18
Let u be 62800/272 - (-4)/34. Calculate the highest common factor of u and 22.
11
Suppose -3*m + 5*w = -29, -5*w + 11 = -9*m + 11*m. What is the highest common factor of m and 122?
2
Let r(x) = x**2 - 32*x - 236. Let h be r(42). What is the greatest common factor of h and 69?
23
Let y(r) = 2*r**2 - 3*r - 39. Let g be y(0). Suppose 3*m - 193 = -2*j, 174 + 90 = 4*m + j. Let n = m + g. What is the highest common divisor of n and 196?
28
Let c(z) = -15*z - 8. Let n = 56 + -59. Let f be c(n). What is the highest common factor of f and 259?
37
Let z be -3 - 341/(-11)*(-2 + 4). Calculate the greatest common divisor of z and 295.
59
Suppose 1406 = 35*l - 64. Calculate the greatest common divisor of l and 12.
6
Suppose -4*a - 2*m = -6*m - 160, 3*a = -5*m + 88. Calculate the highest common divisor of a and 456.
12
Suppose o = -66 + 172. Calculate the highest common factor of 53 and o.
53
Suppose 35 = -33*j + 28*j. Let v = j + 33. What is the highest common divisor of v and 78?
26
Let y be (6 - 0) + (-3 - (0 + -1131)). What is the greatest common factor of 42 and y?
42
Let n(s) = s**2 - 48*s + 188. Let c be n(44). Calculate the greatest common factor of 12 and c.
12
Let s = -37 + 42. Suppose s*z - z = -f + 32, 0 = -2*f. What is the greatest common divisor of 88 and z?
8
Suppose -2 - 7 = -m. Let y(i) = -i**3 + 8*i**2 + 10*i - 7. Let a be y(m). What is the greatest common factor of 3 and a?
1
Let t(x) = -2*x**2 + 3*x + 3. Let w be t(3). Let n = w - -7. Suppose 2*y = 4*h + 18, 0*y + 8 = y - h. What is the highest common divisor of y and n?
1
Suppose 4*m = 2*q + 16, -7*q = -3*q + 4*m - 16. Let c = -29 + 53. Suppose q = k - 3*k + c. Calculate the highest common factor of k and 30.
6
Suppose -5*o + 6*o = -12. Let y be 18/o*8/(-6). Suppose -3*l = 3*f - 87, 3*l - y*l = 3*f - 107. Calculate the greatest common divisor of f and 17.
17
Let u(q) = -q + 21. Let l be u(4). Suppose -12*f + l*f - 50 = 0. Calculate the greatest common factor of 15 and f.
5
Let d(j) = j + 1. Let y be d(0). Let v be (0 + 1)/(y + 0). Let p be 22/10*(-22 + 27). What is the highest common factor of v and p?
1
Let i be 44/(-22)*(-10)/1. Calculate the greatest common divisor of 124 and i.
4
Suppose -163*i - 36 = -175*i. What is the greatest common factor of 303 and i?
3
Let t(n) = n**2 - 83. Let v be t(0). Suppose -3*q + 9*q = -696. Let y = v - q. Calculate the highest common divisor of 330 and y.
33
Let p = 426 - 234. Let o be (-2)/(-7) + p/14. Let q(n) = 11*n**2 + n. Let s be q(-2). Calculate the greatest common factor of s and o.
14
Let z be -92*(12/(-3))/16. Let t = z - 23. Suppose t = 4*v - 255 - 265. Calculate the highest common divisor of v and 26.
26
Let m(c) = 32*c - 416. Let w be m(14). What is the highest common divisor of 36 and w?
4
Let n(g) = 9*g**3 - 9*g**2 + 3*g - 4. Let a be n(4). Calculate the greatest common factor of 330 and a.
110
Suppose -13*j - 108 = -17*j. What is the highest common factor of 1 and j?
1
Let h be (27/45)/((-2)/10). Let t be 8/(-24) - 496/h. Calculate the greatest common factor of 15 and t.
15
Let y = 102 + -102. Let a be 3 + y/(-1) - -2. Calculate the highest common divisor of 25 and a.
5
Let f = -1225 - -2150. What is the highest common factor of f and 25?
25
Let v(z) = z + 2. Let m be v(3). Let p(s) = -s**3 - 35*s**2 - 67*s - 28. Let t be p(-33). Calculate the highest common divisor of m and t.
5
Let u = 42 - 40. Suppose 3*r = u*g - 39 - 185, 4*g - 448 = -5*r. Calculate the highest common factor of 28 and g.
28
Let j be 1/(5/690*(2 - 0)). Suppose -21 = 6*o - j. Calculate the highest common factor of 16 and o.
8
Suppose -2*n = -0*n - 2. Let o be (-1 - 0/n)*-5. Suppose 0 = 4*x - y - 102, -x - 5*y + 15 + 0 = 0. Calculate the highest common divisor of x and o.
5
Suppose 5 = -3*p + 23. Let m be (-12)/(-15)*3/2*20. Calculate the greatest common factor of p and m.
6
Let m(x) = -8*x + 65. Let r be m(5). What is the highest common divisor of 175 and r?
25
Let f be (-210)/12*10*6/(-21). What is the greatest common divisor of f and 475?
25
Suppose 4*p = 3*t + 27 - 8, -5*t - 22 = 3*p. Suppose -2*m + 0*z = 2*z - 16, -z = p. Suppose 4*s - 26 - 10 = 0. Calculate the highest common factor of m and s.
9
Let s = -144 - -308. What is the greatest common divisor of s and 4?
4
Suppose p = -2*p + 24. Let r be ((-6)/(-4))/(-8 - 1541/(-184)). What is the greatest common factor of r and p?
4
Let s(q) = -12 - 7*q - q**2 - 24 + 2*q**2 + 15. Let b be s(10). What is the highest common divisor of 45 and b?
9
Let o(m) = -m**2 - 13*m + 10. Let s be o(-12). Let c = s + -18. What is the highest common divisor of 32 and c?
4
Suppose -5*p + 155 = -0*p. Let u be (5 + -98)*(12/9 - 3). What is the highest common divisor of p and u?
31
Let v(j) = -j**2 + 8*j - 5. Let c be v(8). Let y be (-16)/c - 7/35. Calculate the highest common divisor of 9 and y.
3
Let j be 124 + (-2 - (-12 - -4)). Let l = 210 - j. Let t be (-1 - 7)/((-2)/5). Calculate the highest common factor of t and l.
20
Let d(a) = -15*a - 868. Let k be d(-60). Calculate the highest common divisor of k and 360.
8
Suppose y - 440 = -2*d + 7*d, -3*d - 1344 = -3*y. What is the highest common factor of y and 15?
15
Suppose 39*z - 1836 = -16*z + 914. Let x = 3 - -7. What is the greatest common divisor of z and x?
10
Let y be -90 + (4 + -8 - -2). Let b = 148 + y. What is the highest common factor of b and 14?
14
Suppose -197 + 71 = 18*x. Let y be (3/x - -3)/(1/7). Calculate the highest common factor of 18 and y.
18
Let h = -38 + 40. Suppose h*g = g + 3, -2*j - g = -101. Calculate the highest common factor of 14 and j.
7
Let m(s) = s**3 - 5*s**2 - 6*s - 14. Let x be m(7). Calculate the greatest common divisor of x and 6.
